of 626?
False
Is 260590908 a multiple of 12?
True
Is 139 a factor of 1247591658?
False
Is 10 a factor of 347274314?
False
Is 20 a factor of 698393052?
False
Does 1707 divide 75130378?
False
Is 674 a factor of 47188762?
True
Does 84 divide 24137568?
True
Is 368770 a multiple of 3?
False
Is 400 a factor of 440479150?
False
Is 115063558 a multiple of 23?
False
Is 27918588 a multiple of 560?
False
Is 4158205 a multiple of 218?
False
Does 70 divide 47743578?
False
Does 56 divide 139582352?
True
Is 244 a factor of 1353862792?
True
Is 55 a factor of 51900475?
True
Is 8 a factor of 708848264?
True
Is 4878744 a multiple of 2445?
False
Is 7 a factor of 42110766?
False
Is 16 a factor of 392489664?
True
Is 121441294 a multiple of 26?
True
Is 117082611 a multiple of 14?
False
Is 95 a factor of 8823410?
True
Is 3844 a factor of 3816159?
False
Is 8 a factor of 3259589?
False
Does 183 divide 2152517378?
False
Does 46 divide 973331729?
False
Is 3514 a factor of 434656123?
False
Is 39485397 a multiple of 364?
False
Is 4047639014 a multiple of 21?
False
Is 680841447 a multiple of 3237?
True
Is 5604 a factor of 462559764?
True
Is 38 a factor of 21745196?
True
Is 1464 a factor of 114497536?
False
Does 2 divide 591017?
False
Does 2444 divide 206816168?
True
Is 116 a factor of 126901028?
False
Is 3625150137 a multiple of 2899?
False
Is 1393295384 a multiple of 4012?
True
Is 68 a factor of 16212455?
False
Does 563 divide 15222393?
False
Is 4032790 a multiple of 68?
False
Is 3283345 a multiple of 988?
False
Does 220 divide 179825008?
False
Is 103189456 a multiple of 697?
True
Is 7250 a factor of 1048698000?
True
Is 6331804 a multiple of 16?
False
Is 4559910634 a multiple of 77?
False
Is 64 a factor of 405270016?
True
Is 5 a factor of 433023110?
True
Does 1337 divide 3990885279?
False
Is 2587770 a multiple of 15?
True
Is 306 a factor of 231293772?
True
Is 2080 a factor of 484937440?
True
Does 530 divide 169490213?
False
Does 736 divide 29112004?
False
Is 11 a factor of 39528126?
True
Is 1299 a factor of 620244948?
False
Is 703 a factor of 299089241?
True
Is 155321436 a multiple of 1212?
True
Is 3180 a factor of 701072340?
True
Is 775677443 a multiple of 5?
False
Is 38 a factor of 992602602?
False
Is 4717 a factor of 498780297?
True
Is 57536582 a multiple of 139?
False
Is 3551 a factor of 622961739?
False
Is 30811602 a multiple of 282?
True
Does 2231 divide 181801111?
False
Is 92703752 a multiple of 2325?
False
Is 162 a factor of 24945246?
True
Is 5022506685 a multiple of 15?
True
Does 60 divide 2941238220?
True
Is 16 a factor of 872014232?
False
Is 220 a factor of 137291197?
False
Does 234 divide 144156636?
True
Is 5217255 a multiple of 45?
True
Does 29 divide 2207012?
False
Is 16298638 a multiple of 10?
False
Is 395 a factor of 246686585?
True
Is 631390241 a multiple of 2388?
False
Is 326 a factor of 6809517?
False
Is 39 a factor of 668386005?
False
Is 2342853536 a multiple of 32?
True
Is 58119050 a multiple of 11?
True
Is 68 a factor of 1347684656?
True
Is 168976768 a multiple of 2227?
False
Is 56 a factor of 8933218?
False
Is 14449052 a multiple of 5997?
False
Is 8 a factor of 9523469?
False
Is 765341468 a multiple of 4878?
False
Is 351679514 a multiple of 12?
False
Is 33134953 a multiple of 128?
False
Is 110 a factor of 186508404?
False
Is 2058216804 a multiple of 4746?
True
Does 585 divide 182297357?
False
Is 92384008 a multiple of 9?
False
Is 78 a factor of 52167804?
True
Does 2035 divide 1517451319?
False
Does 277 divide 90749355?
True
Does 6 divide 23447016?
True
Does 207 divide 4706259574?
False
Does 2298 divide 3513642?
True
Is 599 a factor of 12286688?
True
Does 257 divide 86208784?
False
Does 26 divide 23785346?
True
Is 51902123 a multiple of 91?
True
Is 9663079 a multiple of 15?
False
Does 665 divide 15286240?
False
Does 3432 divide 845164320?
True
Is 21 a factor of 126375051?
False
Is 12404 a factor of 1050899219?
False
Is 3 a factor of 6245457?
True
Is 18897802 a multiple of 692?
False
Is 27372449 a multiple of 147?
False
Is 12 a factor of 217877640?
True
Is 27 a factor of 342493290?
False
Does 16 divide 1100673328?
True
Is 15729215 a multiple of 389?
True
Is 3352 a factor of 1602805728?
True
Is 10 a factor of 880905955?
False
Does 7 divide 18066580?
True
Is 111 a factor of 124267941?
True
Is 3247849602 a multiple of 62?
True
Is 87 a factor of 119476724?
False
Is 1615936020 a multiple of 1835?
False
Is 399 a factor of 33959688?
True
Does 1511 divide 1490871969?
True
Is 1025 a factor of 647822543?
False
Does 118 divide 79942593?
False
Does 3573 divide 722099850?
False
Is 7371094 a multiple of 68?
False
Is 4 a factor of 2516843?
False
Is 72 a factor of 886451476?
False
Is 264660330 a multiple of 330?
True
Does 3 divide 241366014?
True
Does 298 divide 1824761?
False
Does 780 divide 98680920?
True
Does 81 divide 33066993?
False
Is 14 a factor of 46624978?
False
Is 485096410 a multiple of 369?
False
Is 11 a factor of 105369979?
True
Does 6146 divide 1276634828?
True
Is 118195770 a multiple of 77?
True
Is 3713 a factor of 15541646?
False
Is 6 a factor of 1731920142?
True
Is 90108399 a multiple of 1924?
False
Is 43445522 a multiple of 18?
False
Does 6114 divide 2924519090?
False
Is 2981 a factor of 195180975?
True
Is 44250300 a multiple of 1821?
True
Is 5467593 a multiple of 20?
False
Is 4802 a factor of 1156042026?
False
Is 1912219 a multiple of 1335?
False
Is 301710728 a multiple of 407?
True
Is 23998830 a multiple of 30?
True
Is 4412 a factor of 4122378?
False
Is 31 a factor of 31330522?
True
Does 161 divide 36937747?
True
Does 3 divide 77831375?
False
Is 325070646 a multiple of 689?
False
Does 1286 divide 169167275?
False
Is 98849664 a multiple of 3392?
True
Does 40 divide 3216701733?
False
Is 4 a factor of 18667857?
False
Does 246 divide 309964864?
False
Is 10 a factor of 60834735?
False
Is 108061275 a multiple of 427?
False
Is 23293156 a multiple of 477?
False
Does 85 divide 48034435?
True
Is 5223841 a multiple of 931?
True
Is 8 a factor of 147620496?
True
Does 4 divide 2108737399?
False
Is 228087417 a multiple of 2090?
False
Is 12 a factor of 151639776?
True
Does 65 divide 1886032330?
True
Is 3120650937 a multiple of 109?
False
Is 436 a factor of 186652908?
True
Is 67 a factor of 36144771?
False
Is 13282896 a multiple of 3?
True
Is 13987392 a multiple of 64?
True
Is 4109 a factor of 98394114?
True
Is 2387 a factor of 457442293?
True
Is 147678165 a multiple of 171?
True
Does 79 divide 462861?
True
Does 120 divide 3313758?
False
Is 2 a factor of 29796301?
False
Does 24 divide 4134096?
True
Is 397 a factor of 27273503?
True
Does 393 divide 152129364?
False
Is 22247960 a multiple of 25?
False
Is 33 a factor of 19923519?
True
Is 314 a factor of 2381040515?
False
Is 14 a factor of 73151400?
True
Is 1457 a factor of 183109153?
False
Does 8 divide 291486?
False
Is 381 a factor of 28582035?
False
Is 6417604 a multiple of 80?
False
Is 2186370164 a multiple of 7235?
False
Is 8121 a factor of 1030075761?
True
Is 616 a factor of 37799749?
False
Is 217 a factor of 3664045?
True
Is 132275398 a multiple of 19?
False
Is 3206135957 a multiple of 7018?
False
Is 13829458 a multiple of 31?
False
Does 64 divide 29748455?
False
Is 866 a factor of 4893165845?
False
Is 221 a factor of 124733284?
True
Is 803901852 a multiple of 9?
True
Is 38490825 a multiple of 208?
False
Does 57 divide 30201621?
True
Is 46010796 a multiple of 177?
True
Is 168 a factor of 293198640?
True
Is 138 a factor of 193460617?
False
Is 15 a factor of 2061464585?
False
Is 12 a factor of 412032876?
True
Does 305 divide 17367013?
False
Is 23616621 a multiple of 1327?
False
Is 15 a factor of 24616650?
True
Does 4049 divide 340585684?
True
Is 44 a factor of 1196843264?
False
Does 401 divide 1127103205?
False
Is 1007 a factor of 203216628?
True
Does 11 divide 77703868?
True
Does 5 divide 23129937?
False
Is 5955389 a multiple of 17?
True
Is 14 a factor of 14059808?
True
Does 131 divide 26529596?
True
Is 4051 a factor of 544093861?
True
Is 1987 a factor of 37615187?
False
Does 366 divide 10729755?
False
Does 265 divide 44849381?
False
Is 166548019 a multiple of 580?
False
Is 4850853 a multiple of 147?
True
Is 9 a factor of 1984628581?
False
Is 103 a factor of 1758077130?
True
Is 41 a factor of 455548017?
Fals